{"id":149,"date":"2021-10-01T17:50:08","date_gmt":"2021-10-01T17:50:08","guid":{"rendered":"https:\/\/caecilia-wernau.de\/?page_id=149"},"modified":"2021-10-10T12:44:14","modified_gmt":"2021-10-10T12:44:14","slug":"die-legende","status":"publish","type":"page","link":"https:\/\/caecilia-wernau.de\/index.php\/die-legende\/","title":{"rendered":"Die Legende"},"content":{"rendered":"\n<p>\u201eEs waren einmal Waldm\u00e4nnchen, die auf der Sulz lebten und Waldarbeiten verrichteten. Sie waren ein liebes V\u00f6lkchen, dass mit sich, der Natur und allen Lebewesen im Einklang lebte. Der angrenzende Wald war voller b\u00f6ser Geister und Kreaturen, die nachts ihr Unwesen trieben. Somit traute sich kein Waldm\u00e4nnchen nach der D\u00e4mmerung mehr vor seine H\u00fctte.\u00a0<\/p>\n\n\n\n<p class=\"has-text-align-center\"> &#8230;<\/p>\n\n\n\n<p>Gerade in der kalten Jahreszeit war der Wald sehr geheimnisvoll und machte den Waldm\u00e4nnchen sehr gro\u00dfe Angst. In der D\u00e4mmerung und in der Nacht h\u00e4uften sich schlimme Ereignisse. Mehrere Waldm\u00e4nnchen wurden von finsteren Kreaturen, die zu dieser Zeit im Wald lebten, angegriffen. So zogen sich die M\u00e4nnchen immer weiter zur\u00fcck und der Wald verkam mit der Zeit. Das entging den W\u00f6lfen auf ihren Streifz\u00fcgen durch die L\u00e4ndereien nicht. Sie begannen sich Sorgen zu machen und die Waldm\u00e4nnchen zu beobachten. Als eines fr\u00fchen Morgens die W\u00f6lfe mitbekamen, dass eine ver\u00e4ngstige Gruppe von Waldm\u00e4nnchen auf der Sulz von zwielichtigen Wesen verfolgt wurden, schritten die W\u00f6lfe ein.\u00a0<\/p>\n\n\n\n<p class=\"has-text-align-center\"> &#8230;<\/p>\n\n\n\n<p>Mit lautem Knurren und gefletschten Z\u00e4hnen vertrieben Sie die finsteren Kreaturen. Die Waldm\u00e4nnchen konnten ihren Augen nicht trauen. Denn vor den W\u00f6lfen, so hatten sie es schon als Kind gelernt, gehe nichts Gutes aus. Auch wenn die finsteren Gestalten weg waren, f\u00fcrchteten sie um Ihr Leben und fl\u00fcchteten. Erst auf einer Lichtung f\u00fchlten sie sich sicher und blieben stehen. Komplett au\u00dfer Atem lie\u00dfen sie sich nieder und atmeten erst einmal durch. Niemand w\u00fcrde ihnen glauben, dass sie von den W\u00f6lfen gerettet worden seien. Wild diskutierten sie, was sie jetzt tun sollten, als pl\u00f6tzlich und unerwartet einer der Waldm\u00e4nnchen von hinten angestupst wurde. Er hielt das f\u00fcr einen Scherz, schlie\u00dflich sind die Waldm\u00e4nnchen bekannt f\u00fcr ihre Scherze und Albernheiten. Darum reagierte er nicht. Doch das Stupsen h\u00f6rte nicht auf und so dreht er sich um und erschrak. Die W\u00f6lfe! \u2013 Sie sind wieder da. Doch eh er diese Worte laut sagen konnte, schleckte ihm der erste Wolf das Gesicht ab. Die anderen W\u00f6lfe kamen sogleich dazu und schmiegten sich an ihn und die anderen Waldm\u00e4nnchen auf der Lichtung. Die Furcht der Waldm\u00e4nnchen vor den W\u00f6lfen verflog im Nu.<\/p>\n\n\n\n<p class=\"has-text-align-center\"> &#8230;<\/p>\n\n\n\n<p>Seit diesem schicksalsreichen Tag auf einer Lichtung des Wernauer Waldes lebten die Waldm\u00e4nnchen und die W\u00f6lfe, in tiefer Freundschaft und Verbundenheit zusammen. Selbst heute und besonders in der Zeit zwischen Neujahr und Aschermittwoch ist es sehr selten, dass man ein Sulzhaum\u00e4nnchen, so hei\u00dfen die Waldm\u00e4nnchen heute, ohne einen Wolf erblickt. \u00dcber Generationen hinweg h\u00e4lt nun diese intensive Freundschaft an.\u00a0\u00a0Und wird wohl auch noch an weitere Generationen weitergegeben.\u201c<\/p>\n\n\n\n<p class=\"has-text-align-center\"> &#8230;<\/p>\n\n\n\n<div class=\"wp-block-image\"><figure class=\"aligncenter size-large is-resized\"><img fetchpriority=\"high\" decoding=\"async\" src=\"https:\/\/caecilia-wernau.de\/wp-content\/uploads\/2021\/10\/Wernau-farbig-300-Kopie-2-995x1024.jpg\" alt=\"\" class=\"wp-image-160\" width=\"355\" height=\"365\" srcset=\"https:\/\/caecilia-wernau.de\/wp-content\/uploads\/2021\/10\/Wernau-farbig-300-Kopie-2-995x1024.jpg 995w, https:\/\/caecilia-wernau.de\/wp-content\/uploads\/2021\/10\/Wernau-farbig-300-Kopie-2-291x300.jpg 291w, https:\/\/caecilia-wernau.de\/wp-content\/uploads\/2021\/10\/Wernau-farbig-300-Kopie-2-768x791.jpg 768w, https:\/\/caecilia-wernau.de\/wp-content\/uploads\/2021\/10\/Wernau-farbig-300-Kopie-2-1492x1536.jpg 1492w, https:\/\/caecilia-wernau.de\/wp-content\/uploads\/2021\/10\/Wernau-farbig-300-Kopie-2-1990x2048.jpg 1990w, https:\/\/caecilia-wernau.de\/wp-content\/uploads\/2021\/10\/Wernau-farbig-300-Kopie-2-1140x1173.jpg 1140w\" sizes=\"(max-width: 355px) 100vw, 355px\" \/><\/figure><\/div>\n","protected":false},"excerpt":{"rendered":"<p>\u201eEs waren einmal Waldm\u00e4nnchen, die auf der Sulz lebten und Waldarbeiten verrichteten. Sie waren ein liebes V\u00f6lkchen, dass mit sich, der Natur und allen Lebewesen im Einklang lebte. Der angrenzende Wald war voller b\u00f6ser Geister und Kreaturen, die nachts ihr Unwesen trieben. Somit traute sich kein Waldm\u00e4nnchen nach der D\u00e4mmerung mehr vor seine H\u00fctte.\u00a0 &#8230; Gerade in der kalten Jahreszeit war der Wald sehr geheimnisvoll und machte den Waldm\u00e4nnchen sehr gro\u00dfe Angst. In der D\u00e4mmerung und in der Nacht h\u00e4uften sich schlimme Ereignisse. Mehrere Waldm\u00e4nnchen wurden von finsteren Kreaturen, die zu dieser Zeit im Wald lebten, angegriffen. So zogen sich die M\u00e4nnchen immer weiter zur\u00fcck und der Wald verkam mit der Zeit. Das entging den W\u00f6lfen auf ihren Streifz\u00fcgen durch die L\u00e4ndereien nicht. Sie begannen sich Sorgen zu machen und die Waldm\u00e4nnchen zu beobachten. Als eines fr\u00fchen Morgens die W\u00f6lfe mitbekamen, dass eine ver\u00e4ngstige Gruppe von Waldm\u00e4nnchen auf der Sulz von zwielichtigen Wesen verfolgt wurden, schritten die W\u00f6lfe ein.\u00a0 &#8230; Mit lautem Knurren und gefletschten Z\u00e4hnen vertrieben Sie die finsteren Kreaturen. Die Waldm\u00e4nnchen konnten ihren Augen nicht trauen. Denn vor den W\u00f6lfen, so hatten sie es schon als Kind gelernt, gehe nichts Gutes aus. Auch wenn die finsteren Gestalten weg waren, f\u00fcrchteten sie um Ihr Leben und fl\u00fcchteten. Erst auf einer Lichtung f\u00fchlten sie sich sicher und blieben stehen. Komplett au\u00dfer Atem lie\u00dfen sie sich nieder und atmeten erst einmal durch. Niemand w\u00fcrde ihnen glauben, dass sie von den W\u00f6lfen gerettet worden seien. Wild diskutierten sie, was sie jetzt tun sollten, als pl\u00f6tzlich und unerwartet einer der Waldm\u00e4nnchen von hinten angestupst wurde. Er hielt das f\u00fcr einen Scherz, schlie\u00dflich sind die Waldm\u00e4nnchen bekannt f\u00fcr ihre Scherze und Albernheiten. Darum reagierte er nicht. Doch das Stupsen h\u00f6rte nicht auf und so dreht er sich um und erschrak. Die W\u00f6lfe! \u2013 Sie sind wieder da. Doch eh er diese Worte laut sagen konnte, schleckte ihm der erste Wolf das Gesicht ab. Die anderen W\u00f6lfe kamen sogleich dazu und schmiegten sich an ihn und die anderen Waldm\u00e4nnchen auf der Lichtung. Die Furcht der Waldm\u00e4nnchen vor den W\u00f6lfen verflog im Nu. &#8230; Seit diesem schicksalsreichen Tag auf einer Lichtung des Wernauer Waldes lebten die Waldm\u00e4nnchen und die W\u00f6lfe, in tiefer Freundschaft und Verbundenheit zusammen. Selbst heute und besonders in der Zeit zwischen Neujahr und Aschermittwoch ist es sehr selten, dass man ein Sulzhaum\u00e4nnchen, so hei\u00dfen die Waldm\u00e4nnchen heute, ohne einen Wolf erblickt. \u00dcber Generationen hinweg h\u00e4lt nun diese intensive Freundschaft an.\u00a0\u00a0Und wird wohl auch noch an weitere Generationen weitergegeben.\u201c &#8230;<\/p>\n","protected":false},"author":1,"featured_media":0,"parent":0,"menu_order":0,"comment_status":"closed","ping_status":"closed","template":"","meta":{"footnotes":""},"class_list":["post-149","page","type-page","status-publish","hentry"],"_links":{"self":[{"href":"https:\/\/caecilia-wernau.de\/index.php\/wp-json\/wp\/v2\/pages\/149","targetHints":{"allow":["GET"]}}],"collection":[{"href":"https:\/\/caecilia-wernau.de\/index.php\/wp-json\/wp\/v2\/pages"}],"about":[{"href":"https:\/\/caecilia-wernau.de\/index.php\/wp-json\/wp\/v2\/types\/page"}],"author":[{"embeddable":true,"href":"https:\/\/caecilia-wernau.de\/index.php\/wp-json\/wp\/v2\/users\/1"}],"replies":[{"embeddable":true,"href":"https:\/\/caecilia-wernau.de\/index.php\/wp-json\/wp\/v2\/comments?post=149"}],"version-history":[{"count":3,"href":"https:\/\/caecilia-wernau.de\/index.php\/wp-json\/wp\/v2\/pages\/149\/revisions"}],"predecessor-version":[{"id":258,"href":"https:\/\/caecilia-wernau.de\/index.php\/wp-json\/wp\/v2\/pages\/149\/revisions\/258"}],"wp:attachment":[{"href":"https:\/\/caecilia-wernau.de\/index.php\/wp-json\/wp\/v2\/media?parent=149"}],"curies":[{"name":"wp","href":"https:\/\/api.w.org\/{rel}","templated":true}]}}

<p>„Es waren einmal Waldmännchen, die auf der Sulz lebten und Waldarbeiten verrichteten. Sie waren ein liebes Völkchen, dass mit sich, der Natur und allen Lebewesen im Einklang lebte. Der angrenzende Wald war voller böser Geister und Kreaturen, die nachts ihr Unwesen trieben. Somit traute sich kein Waldmännchen nach der Dämmerung mehr vor seine Hütte. </p>



<p class="has-text-align-center"> &#8230;</p>



<p>Gerade in der kalten Jahreszeit war der Wald sehr geheimnisvoll und machte den Waldmännchen sehr große Angst. In der Dämmerung und in der Nacht häuften sich schlimme Ereignisse. Mehrere Waldmännchen wurden von finsteren Kreaturen, die zu dieser Zeit im Wald lebten, angegriffen. So zogen sich die Männchen immer weiter zurück und der Wald verkam mit der Zeit. Das entging den Wölfen auf ihren Streifzügen durch die Ländereien nicht. Sie begannen sich Sorgen zu machen und die Waldmännchen zu beobachten. Als eines frühen Morgens die Wölfe mitbekamen, dass eine verängstige Gruppe von Waldmännchen auf der Sulz von zwielichtigen Wesen verfolgt wurden, schritten die Wölfe ein. </p>



<p class="has-text-align-center"> &#8230;</p>



<p>Mit lautem Knurren und gefletschten Zähnen vertrieben Sie die finsteren Kreaturen. Die Waldmännchen konnten ihren Augen nicht trauen. Denn vor den Wölfen, so hatten sie es schon als Kind gelernt, gehe nichts Gutes aus. Auch wenn die finsteren Gestalten weg waren, fürchteten sie um Ihr Leben und flüchteten. Erst auf einer Lichtung fühlten sie sich sicher und blieben stehen. Komplett außer Atem ließen sie sich nieder und atmeten erst einmal durch. Niemand würde ihnen glauben, dass sie von den Wölfen gerettet worden seien. Wild diskutierten sie, was sie jetzt tun sollten, als plötzlich und unerwartet einer der Waldmännchen von hinten angestupst wurde. Er hielt das für einen Scherz, schließlich sind die Waldmännchen bekannt für ihre Scherze und Albernheiten. Darum reagierte er nicht. Doch das Stupsen hörte nicht auf und so dreht er sich um und erschrak. Die Wölfe! – Sie sind wieder da. Doch eh er diese Worte laut sagen konnte, schleckte ihm der erste Wolf das Gesicht ab. Die anderen Wölfe kamen sogleich dazu und schmiegten sich an ihn und die anderen Waldmännchen auf der Lichtung. Die Furcht der Waldmännchen vor den Wölfen verflog im Nu.</p>



<p class="has-text-align-center"> &#8230;</p>



<p>Seit diesem schicksalsreichen Tag auf einer Lichtung des Wernauer Waldes lebten die Waldmännchen und die Wölfe, in tiefer Freundschaft und Verbundenheit zusammen. Selbst heute und besonders in der Zeit zwischen Neujahr und Aschermittwoch ist es sehr selten, dass man ein Sulzhaumännchen, so heißen die Waldmännchen heute, ohne einen Wolf erblickt. Über Generationen hinweg hält nun diese intensive Freundschaft an.  Und wird wohl auch noch an weitere Generationen weitergegeben.“</p>



<p class="has-text-align-center"> &#8230;</p>



<div class="wp-block-image"><figure class="aligncenter size-large is-resized"><img fetchpriority="high" decoding="async" src="https://caecilia-wernau.de/wp-content/uploads/2021/10/Wernau-farbig-300-Kopie-2-995x1024.jpg" alt="" class="wp-image-160" width="355" height="365" srcset="https://caecilia-wernau.de/wp-content/uploads/2021/10/Wernau-farbig-300-Kopie-2-995x1024.jpg 995w, https://caecilia-wernau.de/wp-content/uploads/2021/10/Wernau-farbig-300-Kopie-2-291x300.jpg 291w, https://caecilia-wernau.de/wp-content/uploads/2021/10/Wernau-farbig-300-Kopie-2-768x791.jpg 768w, https://caecilia-wernau.de/wp-content/uploads/2021/10/Wernau-farbig-300-Kopie-2-1492x1536.jpg 1492w, https://caecilia-wernau.de/wp-content/uploads/2021/10/Wernau-farbig-300-Kopie-2-1990x2048.jpg 1990w, https://caecilia-wernau.de/wp-content/uploads/2021/10/Wernau-farbig-300-Kopie-2-1140x1173.jpg 1140w" sizes="(max-width: 355px) 100vw, 355px" /></figure></div>

<p>„Es waren einmal Waldmännchen, die auf der Sulz lebten und Waldarbeiten verrichteten. Sie waren ein liebes Völkchen, dass mit sich, der Natur und allen Lebewesen im Einklang lebte. Der angrenzende Wald war voller böser Geister und Kreaturen, die nachts ihr Unwesen trieben. Somit traute sich kein Waldmännchen nach der Dämmerung mehr vor seine Hütte.  &#8230; Gerade in der kalten Jahreszeit war der Wald sehr geheimnisvoll und machte den Waldmännchen sehr große Angst. In der Dämmerung und in der Nacht häuften sich schlimme Ereignisse. Mehrere Waldmännchen wurden von finsteren Kreaturen, die zu dieser Zeit im Wald lebten, angegriffen. So zogen sich die Männchen immer weiter zurück und der Wald verkam mit der Zeit. Das entging den Wölfen auf ihren Streifzügen durch die Ländereien nicht. Sie begannen sich Sorgen zu machen und die Waldmännchen zu beobachten. Als eines frühen Morgens die Wölfe mitbekamen, dass eine verängstige Gruppe von Waldmännchen auf der Sulz von zwielichtigen Wesen verfolgt wurden, schritten die Wölfe ein.  &#8230; Mit lautem Knurren und gefletschten Zähnen vertrieben Sie die finsteren Kreaturen. Die Waldmännchen konnten ihren Augen nicht trauen. Denn vor den Wölfen, so hatten sie es schon als Kind gelernt, gehe nichts Gutes aus. Auch wenn die finsteren Gestalten weg waren, fürchteten sie um Ihr Leben und flüchteten. Erst auf einer Lichtung fühlten sie sich sicher und blieben stehen. Komplett außer Atem ließen sie sich nieder und atmeten erst einmal durch. Niemand würde ihnen glauben, dass sie von den Wölfen gerettet worden seien. Wild diskutierten sie, was sie jetzt tun sollten, als plötzlich und unerwartet einer der Waldmännchen von hinten angestupst wurde. Er hielt das für einen Scherz, schließlich sind die Waldmännchen bekannt für ihre Scherze und Albernheiten. Darum reagierte er nicht. Doch das Stupsen hörte nicht auf und so dreht er sich um und erschrak. Die Wölfe! – Sie sind wieder da. Doch eh er diese Worte laut sagen konnte, schleckte ihm der erste Wolf das Gesicht ab. Die anderen Wölfe kamen sogleich dazu und schmiegten sich an ihn und die anderen Waldmännchen auf der Lichtung. Die Furcht der Waldmännchen vor den Wölfen verflog im Nu. &#8230; Seit diesem schicksalsreichen Tag auf einer Lichtung des Wernauer Waldes lebten die Waldmännchen und die Wölfe, in tiefer Freundschaft und Verbundenheit zusammen. Selbst heute und besonders in der Zeit zwischen Neujahr und Aschermittwoch ist es sehr selten, dass man ein Sulzhaumännchen, so heißen die Waldmännchen heute, ohne einen Wolf erblickt. Über Generationen hinweg hält nun diese intensive Freundschaft an.  Und wird wohl auch noch an weitere Generationen weitergegeben.“ &#8230;</p>
