{"id":60,"date":"2021-09-19T18:58:44","date_gmt":"2021-09-19T18:58:44","guid":{"rendered":"https:\/\/caecilia-wernau.de\/?page_id=60"},"modified":"2023-03-23T13:16:12","modified_gmt":"2023-03-23T13:16:12","slug":"unser-haeuschen","status":"publish","type":"page","link":"https:\/\/caecilia-wernau.de\/index.php\/unser-haeuschen\/","title":{"rendered":"Unser Vereinsheim auf der Sulz"},"content":{"rendered":"\n<figure class=\"wp-block-gallery has-nested-images columns-default is-cropped wp-block-gallery-1 is-layout-flex wp-block-gallery-is-layout-flex\">\n<figure class=\"wp-block-image size-large\"><img fetchpriority=\"high\" decoding=\"async\" width=\"1024\" height=\"768\" data-id=\"364\" src=\"https:\/\/caecilia-wernau.de\/wp-content\/uploads\/2022\/11\/1-1024x768.jpg\" alt=\"\" class=\"wp-image-364\" srcset=\"https:\/\/caecilia-wernau.de\/wp-content\/uploads\/2022\/11\/1-1024x768.jpg 1024w, https:\/\/caecilia-wernau.de\/wp-content\/uploads\/2022\/11\/1-300x225.jpg 300w, https:\/\/caecilia-wernau.de\/wp-content\/uploads\/2022\/11\/1-768x576.jpg 768w, https:\/\/caecilia-wernau.de\/wp-content\/uploads\/2022\/11\/1-1536x1152.jpg 1536w, https:\/\/caecilia-wernau.de\/wp-content\/uploads\/2022\/11\/1-2048x1536.jpg 2048w, https:\/\/caecilia-wernau.de\/wp-content\/uploads\/2022\/11\/1-1140x855.jpg 1140w\" sizes=\"(max-width: 1024px) 100vw, 1024px\" \/><figcaption class=\"wp-element-caption\">s`<code>H\u00e4usle <\/code>uff dr Sulz<\/figcaption><\/figure>\n<\/figure>\n\n\n\n<p><\/p>\n\n\n\n<p><\/p>\n\n\n\n<p>Unser sch\u00f6nes H\u00e4usle und Vereinsgel\u00e4nde auf der Sulz wird f\u00fcr verschiedenste Aktivit\u00e4ten genutzt: <\/p>\n\n\n\n<p><\/p>\n\n\n\n<p><\/p>\n\n\n\n<ul class=\"wp-block-list\">\n<li>Vereinsveranstaltungen\n<ul class=\"wp-block-list\">\n<li>H\u00e4sabstauben der Maskengruppe<\/li>\n\n\n\n<li>Maifest<\/li>\n\n\n\n<li>Sommerfest<\/li>\n\n\n\n<li>Singen MannOMann<\/li>\n\n\n\n<li>Abteilungssitzungen<\/li>\n\n\n\n<li>Zusammenkunft Vereinsmitglieder<\/li>\n\n\n\n<li>Geburtstagsfeiern<\/li>\n\n\n\n<li>Basteln <\/li>\n\n\n\n<li>und vieles mehr&#8230;<\/li>\n<\/ul>\n<\/li>\n<\/ul>\n\n\n\n<figure class=\"wp-block-image size-large\"><img decoding=\"async\" width=\"1024\" height=\"768\" src=\"https:\/\/caecilia-wernau.de\/wp-content\/uploads\/2022\/11\/4-1024x768.jpg\" alt=\"\" class=\"wp-image-366\" srcset=\"https:\/\/caecilia-wernau.de\/wp-content\/uploads\/2022\/11\/4-1024x768.jpg 1024w, https:\/\/caecilia-wernau.de\/wp-content\/uploads\/2022\/11\/4-300x225.jpg 300w, https:\/\/caecilia-wernau.de\/wp-content\/uploads\/2022\/11\/4-768x576.jpg 768w, https:\/\/caecilia-wernau.de\/wp-content\/uploads\/2022\/11\/4-1536x1152.jpg 1536w, https:\/\/caecilia-wernau.de\/wp-content\/uploads\/2022\/11\/4-2048x1536.jpg 2048w, https:\/\/caecilia-wernau.de\/wp-content\/uploads\/2022\/11\/4-1140x855.jpg 1140w\" sizes=\"(max-width: 1024px) 100vw, 1024px\" \/><figcaption class=\"wp-element-caption\">Vereinsgel\u00e4nde mit Kinderspielplatz<\/figcaption><\/figure>\n\n\n\n<ul class=\"wp-block-list\">\n<li>Kaffee und Kuchen <\/li>\n<\/ul>\n\n\n\n<p>An mehreren Sonntagen im Jahr sind alle herzlichst bei uns willkommen, denn da \u00f6ffnet unser H\u00e4usle f\u00fcr jedermann!<\/p>\n\n\n\n<p>Selbst gebackene Kuchen und Torten von unseren Mitgliedern, warten in gem\u00fctlich famili\u00e4rer Atmosph\u00e4re auf euch. <\/p>\n\n\n\n<p>Wir freuen uns \u00fcber euer kommen!<\/p>\n\n\n\n<p><strong>Aktuelle \u00d6ffnungszeiten findet ihr im Wernauer Anzeiger oder im Schaukasten vor dem Vereinsheim.<\/strong><\/p>\n\n\n\n<figure class=\"wp-block-gallery aligncenter has-nested-images columns-default is-cropped wp-block-gallery-2 is-layout-flex wp-block-gallery-is-layout-flex\">\n<figure class=\"wp-block-image size-large\"><img decoding=\"async\" width=\"768\" height=\"1024\" data-id=\"368\" src=\"https:\/\/caecilia-wernau.de\/wp-content\/uploads\/2022\/11\/6-768x1024.jpg\" alt=\"\" class=\"wp-image-368\" srcset=\"https:\/\/caecilia-wernau.de\/wp-content\/uploads\/2022\/11\/6-768x1024.jpg 768w, https:\/\/caecilia-wernau.de\/wp-content\/uploads\/2022\/11\/6-225x300.jpg 225w, https:\/\/caecilia-wernau.de\/wp-content\/uploads\/2022\/11\/6.jpg 1138w\" sizes=\"(max-width: 768px) 100vw, 768px\" \/><figcaption class=\"wp-element-caption\">Fahne gehisst = Vereinsheim offen<\/figcaption><\/figure>\n<\/figure>\n\n\n\n<p>Nat\u00fcrlich w\u00e4re das H\u00e4usle und unser Vereinsgel\u00e4nde nichts ohne seine Mitglieder.<\/p>\n\n\n\n<p>Immer wieder treffen sich verschiedene Arbeitsdienste, um das Gel\u00e4nde und H\u00e4usle zu pflegen und auf Vordermann zu bringen.<\/p>\n\n\n\n<p>Der Rasen muss gem\u00e4ht werden, die Hecken geschnitten, Vereinsheim geputzt, zu Weihnachten darf der Weihnachtsbaum nicht fehlen und noch vieles mehr&#8230;.<\/p>\n\n\n\n<figure class=\"wp-block-image size-large\"><img loading=\"lazy\" decoding=\"async\" width=\"1024\" height=\"768\" src=\"https:\/\/caecilia-wernau.de\/wp-content\/uploads\/2022\/11\/Weihnachten-1024x768.jpg\" alt=\"\" class=\"wp-image-374\" srcset=\"https:\/\/caecilia-wernau.de\/wp-content\/uploads\/2022\/11\/Weihnachten-1024x768.jpg 1024w, https:\/\/caecilia-wernau.de\/wp-content\/uploads\/2022\/11\/Weihnachten-300x225.jpg 300w, https:\/\/caecilia-wernau.de\/wp-content\/uploads\/2022\/11\/Weihnachten-768x576.jpg 768w, https:\/\/caecilia-wernau.de\/wp-content\/uploads\/2022\/11\/Weihnachten-1536x1152.jpg 1536w, https:\/\/caecilia-wernau.de\/wp-content\/uploads\/2022\/11\/Weihnachten-2048x1536.jpg 2048w, https:\/\/caecilia-wernau.de\/wp-content\/uploads\/2022\/11\/Weihnachten-1140x855.jpg 1140w\" sizes=\"(max-width: 1024px) 100vw, 1024px\" \/><\/figure>\n\n\n\n<figure class=\"wp-block-image size-large\"><img loading=\"lazy\" decoding=\"async\" width=\"1024\" height=\"768\" src=\"https:\/\/caecilia-wernau.de\/wp-content\/uploads\/2022\/11\/Weihnachten1-1024x768.jpg\" alt=\"\" class=\"wp-image-375\" srcset=\"https:\/\/caecilia-wernau.de\/wp-content\/uploads\/2022\/11\/Weihnachten1-1024x768.jpg 1024w, https:\/\/caecilia-wernau.de\/wp-content\/uploads\/2022\/11\/Weihnachten1-300x225.jpg 300w, https:\/\/caecilia-wernau.de\/wp-content\/uploads\/2022\/11\/Weihnachten1-768x576.jpg 768w, https:\/\/caecilia-wernau.de\/wp-content\/uploads\/2022\/11\/Weihnachten1-1536x1152.jpg 1536w, https:\/\/caecilia-wernau.de\/wp-content\/uploads\/2022\/11\/Weihnachten1-2048x1536.jpg 2048w, https:\/\/caecilia-wernau.de\/wp-content\/uploads\/2022\/11\/Weihnachten1-1140x855.jpg 1140w\" sizes=\"(max-width: 1024px) 100vw, 1024px\" \/><figcaption class=\"wp-element-caption\">Vereinsheim in der Weihnachtszeit<\/figcaption><\/figure>\n\n\n\n<p><\/p>\n\n\n\n<figure class=\"wp-block-image size-large\"><img loading=\"lazy\" decoding=\"async\" width=\"1024\" height=\"768\" src=\"https:\/\/caecilia-wernau.de\/wp-content\/uploads\/2022\/11\/3-1024x768.jpg\" alt=\"\" class=\"wp-image-367\" srcset=\"https:\/\/caecilia-wernau.de\/wp-content\/uploads\/2022\/11\/3-1024x768.jpg 1024w, https:\/\/caecilia-wernau.de\/wp-content\/uploads\/2022\/11\/3-300x225.jpg 300w, https:\/\/caecilia-wernau.de\/wp-content\/uploads\/2022\/11\/3-768x576.jpg 768w, https:\/\/caecilia-wernau.de\/wp-content\/uploads\/2022\/11\/3-1536x1152.jpg 1536w, https:\/\/caecilia-wernau.de\/wp-content\/uploads\/2022\/11\/3-2048x1536.jpg 2048w, https:\/\/caecilia-wernau.de\/wp-content\/uploads\/2022\/11\/3-1140x855.jpg 1140w\" sizes=\"(max-width: 1024px) 100vw, 1024px\" \/><\/figure>\n\n\n\n<p>Das Vereinsheim kann auch f\u00fcr private Veranstaltungen gemietet werden.<\/p>\n\n\n\n<p>Schreibt uns doch einfach eine E-Mail <a href=\"https:\/\/caecilia-wernau.de\/index.php\/vermietung-vereinsheim\/\" data-type=\"URL\" data-id=\"https:\/\/caecilia-wernau.de\/index.php\/mitglied-werden\/\">https:\/\/caecilia-wernau.de\/index.php\/vermietung-vereinsheim\/<\/a><\/p>\n","protected":false},"excerpt":{"rendered":"<p>Unser sch\u00f6nes H\u00e4usle und Vereinsgel\u00e4nde auf der Sulz wird f\u00fcr verschiedenste Aktivit\u00e4ten genutzt: An mehreren Sonntagen im Jahr sind alle herzlichst bei uns willkommen, denn da \u00f6ffnet unser H\u00e4usle f\u00fcr jedermann! Selbst gebackene Kuchen und Torten von unseren Mitgliedern, warten in gem\u00fctlich famili\u00e4rer Atmosph\u00e4re auf euch. Wir freuen uns \u00fcber euer kommen! Aktuelle \u00d6ffnungszeiten findet ihr im Wernauer Anzeiger oder im Schaukasten vor dem Vereinsheim. Nat\u00fcrlich w\u00e4re das H\u00e4usle und unser Vereinsgel\u00e4nde nichts ohne seine Mitglieder. Immer wieder treffen sich verschiedene Arbeitsdienste, um das Gel\u00e4nde und H\u00e4usle zu pflegen und auf Vordermann zu bringen. Der Rasen muss gem\u00e4ht werden, die Hecken geschnitten, Vereinsheim geputzt, zu Weihnachten darf der Weihnachtsbaum nicht fehlen und noch vieles mehr&#8230;. Das Vereinsheim kann auch f\u00fcr private Veranstaltungen gemietet werden. Schreibt uns doch einfach eine E-Mail https:\/\/caecilia-wernau.de\/index.php\/vermietung-vereinsheim\/<\/p>\n","protected":false},"author":1,"featured_media":0,"parent":0,"menu_order":0,"comment_status":"closed","ping_status":"closed","template":"","meta":{"footnotes":""},"class_list":["post-60","page","type-page","status-publish","hentry"],"_links":{"self":[{"href":"https:\/\/caecilia-wernau.de\/index.php\/wp-json\/wp\/v2\/pages\/60","targetHints":{"allow":["GET"]}}],"collection":[{"href":"https:\/\/caecilia-wernau.de\/index.php\/wp-json\/wp\/v2\/pages"}],"about":[{"href":"https:\/\/caecilia-wernau.de\/index.php\/wp-json\/wp\/v2\/types\/page"}],"author":[{"embeddable":true,"href":"https:\/\/caecilia-wernau.de\/index.php\/wp-json\/wp\/v2\/users\/1"}],"replies":[{"embeddable":true,"href":"https:\/\/caecilia-wernau.de\/index.php\/wp-json\/wp\/v2\/comments?post=60"}],"version-history":[{"count":14,"href":"https:\/\/caecilia-wernau.de\/index.php\/wp-json\/wp\/v2\/pages\/60\/revisions"}],"predecessor-version":[{"id":468,"href":"https:\/\/caecilia-wernau.de\/index.php\/wp-json\/wp\/v2\/pages\/60\/revisions\/468"}],"wp:attachment":[{"href":"https:\/\/caecilia-wernau.de\/index.php\/wp-json\/wp\/v2\/media?parent=60"}],"curies":[{"name":"wp","href":"https:\/\/api.w.org\/{rel}","templated":true}]}}

<figure class="wp-block-gallery has-nested-images columns-default is-cropped wp-block-gallery-1 is-layout-flex wp-block-gallery-is-layout-flex">
<figure class="wp-block-image size-large"><img fetchpriority="high" decoding="async" width="1024" height="768" data-id="364" src="https://caecilia-wernau.de/wp-content/uploads/2022/11/1-1024x768.jpg" alt="" class="wp-image-364" srcset="https://caecilia-wernau.de/wp-content/uploads/2022/11/1-1024x768.jpg 1024w, https://caecilia-wernau.de/wp-content/uploads/2022/11/1-300x225.jpg 300w, https://caecilia-wernau.de/wp-content/uploads/2022/11/1-768x576.jpg 768w, https://caecilia-wernau.de/wp-content/uploads/2022/11/1-1536x1152.jpg 1536w, https://caecilia-wernau.de/wp-content/uploads/2022/11/1-2048x1536.jpg 2048w, https://caecilia-wernau.de/wp-content/uploads/2022/11/1-1140x855.jpg 1140w" sizes="(max-width: 1024px) 100vw, 1024px" /><figcaption class="wp-element-caption">s`<code>Häusle </code>uff dr Sulz</figcaption></figure>
</figure>



<p></p>



<p></p>



<p>Unser schönes Häusle und Vereinsgelände auf der Sulz wird für verschiedenste Aktivitäten genutzt: </p>



<p></p>



<p></p>



<ul class="wp-block-list">
<li>Vereinsveranstaltungen
<ul class="wp-block-list">
<li>Häsabstauben der Maskengruppe</li>



<li>Maifest</li>



<li>Sommerfest</li>



<li>Singen MannOMann</li>



<li>Abteilungssitzungen</li>



<li>Zusammenkunft Vereinsmitglieder</li>



<li>Geburtstagsfeiern</li>



<li>Basteln </li>



<li>und vieles mehr&#8230;</li>
</ul>
</li>
</ul>



<figure class="wp-block-image size-large"><img decoding="async" width="1024" height="768" src="https://caecilia-wernau.de/wp-content/uploads/2022/11/4-1024x768.jpg" alt="" class="wp-image-366" srcset="https://caecilia-wernau.de/wp-content/uploads/2022/11/4-1024x768.jpg 1024w, https://caecilia-wernau.de/wp-content/uploads/2022/11/4-300x225.jpg 300w, https://caecilia-wernau.de/wp-content/uploads/2022/11/4-768x576.jpg 768w, https://caecilia-wernau.de/wp-content/uploads/2022/11/4-1536x1152.jpg 1536w, https://caecilia-wernau.de/wp-content/uploads/2022/11/4-2048x1536.jpg 2048w, https://caecilia-wernau.de/wp-content/uploads/2022/11/4-1140x855.jpg 1140w" sizes="(max-width: 1024px) 100vw, 1024px" /><figcaption class="wp-element-caption">Vereinsgelände mit Kinderspielplatz</figcaption></figure>



<ul class="wp-block-list">
<li>Kaffee und Kuchen </li>
</ul>



<p>An mehreren Sonntagen im Jahr sind alle herzlichst bei uns willkommen, denn da öffnet unser Häusle für jedermann!</p>



<p>Selbst gebackene Kuchen und Torten von unseren Mitgliedern, warten in gemütlich familiärer Atmosphäre auf euch. </p>



<p>Wir freuen uns über euer kommen!</p>



<p><strong>Aktuelle Öffnungszeiten findet ihr im Wernauer Anzeiger oder im Schaukasten vor dem Vereinsheim.</strong></p>



<figure class="wp-block-gallery aligncenter has-nested-images columns-default is-cropped wp-block-gallery-2 is-layout-flex wp-block-gallery-is-layout-flex">
<figure class="wp-block-image size-large"><img decoding="async" width="768" height="1024" data-id="368" src="https://caecilia-wernau.de/wp-content/uploads/2022/11/6-768x1024.jpg" alt="" class="wp-image-368" srcset="https://caecilia-wernau.de/wp-content/uploads/2022/11/6-768x1024.jpg 768w, https://caecilia-wernau.de/wp-content/uploads/2022/11/6-225x300.jpg 225w, https://caecilia-wernau.de/wp-content/uploads/2022/11/6.jpg 1138w" sizes="(max-width: 768px) 100vw, 768px" /><figcaption class="wp-element-caption">Fahne gehisst = Vereinsheim offen</figcaption></figure>
</figure>



<p>Natürlich wäre das Häusle und unser Vereinsgelände nichts ohne seine Mitglieder.</p>



<p>Immer wieder treffen sich verschiedene Arbeitsdienste, um das Gelände und Häusle zu pflegen und auf Vordermann zu bringen.</p>



<p>Der Rasen muss gemäht werden, die Hecken geschnitten, Vereinsheim geputzt, zu Weihnachten darf der Weihnachtsbaum nicht fehlen und noch vieles mehr&#8230;.</p>



<figure class="wp-block-image size-large"><img loading="lazy" decoding="async" width="1024" height="768" src="https://caecilia-wernau.de/wp-content/uploads/2022/11/Weihnachten-1024x768.jpg" alt="" class="wp-image-374" srcset="https://caecilia-wernau.de/wp-content/uploads/2022/11/Weihnachten-1024x768.jpg 1024w, https://caecilia-wernau.de/wp-content/uploads/2022/11/Weihnachten-300x225.jpg 300w, https://caecilia-wernau.de/wp-content/uploads/2022/11/Weihnachten-768x576.jpg 768w, https://caecilia-wernau.de/wp-content/uploads/2022/11/Weihnachten-1536x1152.jpg 1536w, https://caecilia-wernau.de/wp-content/uploads/2022/11/Weihnachten-2048x1536.jpg 2048w, https://caecilia-wernau.de/wp-content/uploads/2022/11/Weihnachten-1140x855.jpg 1140w" sizes="(max-width: 1024px) 100vw, 1024px" /></figure>



<figure class="wp-block-image size-large"><img loading="lazy" decoding="async" width="1024" height="768" src="https://caecilia-wernau.de/wp-content/uploads/2022/11/Weihnachten1-1024x768.jpg" alt="" class="wp-image-375" srcset="https://caecilia-wernau.de/wp-content/uploads/2022/11/Weihnachten1-1024x768.jpg 1024w, https://caecilia-wernau.de/wp-content/uploads/2022/11/Weihnachten1-300x225.jpg 300w, https://caecilia-wernau.de/wp-content/uploads/2022/11/Weihnachten1-768x576.jpg 768w, https://caecilia-wernau.de/wp-content/uploads/2022/11/Weihnachten1-1536x1152.jpg 1536w, https://caecilia-wernau.de/wp-content/uploads/2022/11/Weihnachten1-2048x1536.jpg 2048w, https://caecilia-wernau.de/wp-content/uploads/2022/11/Weihnachten1-1140x855.jpg 1140w" sizes="(max-width: 1024px) 100vw, 1024px" /><figcaption class="wp-element-caption">Vereinsheim in der Weihnachtszeit</figcaption></figure>



<p></p>



<figure class="wp-block-image size-large"><img loading="lazy" decoding="async" width="1024" height="768" src="https://caecilia-wernau.de/wp-content/uploads/2022/11/3-1024x768.jpg" alt="" class="wp-image-367" srcset="https://caecilia-wernau.de/wp-content/uploads/2022/11/3-1024x768.jpg 1024w, https://caecilia-wernau.de/wp-content/uploads/2022/11/3-300x225.jpg 300w, https://caecilia-wernau.de/wp-content/uploads/2022/11/3-768x576.jpg 768w, https://caecilia-wernau.de/wp-content/uploads/2022/11/3-1536x1152.jpg 1536w, https://caecilia-wernau.de/wp-content/uploads/2022/11/3-2048x1536.jpg 2048w, https://caecilia-wernau.de/wp-content/uploads/2022/11/3-1140x855.jpg 1140w" sizes="(max-width: 1024px) 100vw, 1024px" /></figure>



<p>Das Vereinsheim kann auch für private Veranstaltungen gemietet werden.</p>



<p>Schreibt uns doch einfach eine E-Mail <a href="https://caecilia-wernau.de/index.php/vermietung-vereinsheim/" data-type="URL" data-id="https://caecilia-wernau.de/index.php/mitglied-werden/">https://caecilia-wernau.de/index.php/vermietung-vereinsheim/</a></p>

<p>Unser schönes Häusle und Vereinsgelände auf der Sulz wird für verschiedenste Aktivitäten genutzt: An mehreren Sonntagen im Jahr sind alle herzlichst bei uns willkommen, denn da öffnet unser Häusle für jedermann! Selbst gebackene Kuchen und Torten von unseren Mitgliedern, warten in gemütlich familiärer Atmosphäre auf euch. Wir freuen uns über euer kommen! Aktuelle Öffnungszeiten findet ihr im Wernauer Anzeiger oder im Schaukasten vor dem Vereinsheim. Natürlich wäre das Häusle und unser Vereinsgelände nichts ohne seine Mitglieder. Immer wieder treffen sich verschiedene Arbeitsdienste, um das Gelände und Häusle zu pflegen und auf Vordermann zu bringen. Der Rasen muss gemäht werden, die Hecken geschnitten, Vereinsheim geputzt, zu Weihnachten darf der Weihnachtsbaum nicht fehlen und noch vieles mehr&#8230;. Das Vereinsheim kann auch für private Veranstaltungen gemietet werden. Schreibt uns doch einfach eine E-Mail https://caecilia-wernau.de/index.php/vermietung-vereinsheim/</p>
